is -28 + 382b?
3803
In base 4, what is 232023 - 223?
231200
In base 14, what is 0 - 52a17?
-52a17
In base 4, what is -110130 - 3222?
-120012
In base 6, what is -1 - 155535?
-155540
In base 12, what is 14 + -1689?
-1675
In base 2, what is -11 - -100100011100011011?
100100011100011000
In base 15, what is 2 + -8baed?
-8baeb
In base 9, what is -3 + 11871?
11867
In base 10, what is 18009 + -270?
17739
In base 6, what is 1200 + 5024?
10224
In base 16, what is -26d7 + 21?
-26b6
In base 7, what is -323203 + 0?
-323203
In base 2, what is 1100 + -10000011010011000010?
-10000011010010110110
In base 15, what is -a42c - 1?
-a42d
In base 6, what is 12 - -2540331?
2540343
In base 4, what is 1133133 - -10?
1133203
In base 3, what is 1022112 + -1120111?
-20222
In base 6, what is -1 + -520324?
-520325
In base 9, what is -2 - 2418118?
-2418121
In base 16, what is 21 + -e3?
-c2
In base 14, what is -23 - -37732?
3770d
In base 10, what is -4 - 24099?
-24103
In base 16, what is 1aef80 + 0?
1aef80
In base 10, what is 7581 - -3?
7584
In base 5, what is 1141010 - -3?
1141013
In base 5, what is -10 - 24440?
-30000
In base 11, what is 1034 - 4?
1030
In base 9, what is -171 - 1870?
-2151
In base 15, what is 3 - 7bc0d?
-7bc0a
In base 3, what is -10012110201 + 2?
-10012110122
In base 2, what is -110101100111 + -100001?
-110110001000
In base 8, what is 40234 + -4?
40230
In base 10, what is 116 - -30?
146
In base 9, what is -1538 + 837?
-601
In base 8, what is 3 - 30313?
-30310
In base 10, what is 28937 - 3?
28934
In base 9, what is 20388 - 2?
20386
In base 3, what is 1020102 - -11100?
1101202
In base 16, what is 6 - cf3?
-ced
In base 7, what is 30 - -10365?
10425
In base 6, what is -452115 - 24?
-452143
In base 9, what is -10 + 181418?
181408
In base 3, what is 1222020121 - -11?
1222020202
In base 6, what is 313010 + -2?
313004
In base 5, what is -10 - 1210301?
-1210311
In base 8, what is -5664 + 172?
-5472
In base 15, what is 0 + -807d?
-807d
In base 15, what is -2 - -2baa4?
2baa2
In base 5, what is -113 + 3323?
3210
In base 6, what is -11 + -44015?
-44030
In base 12, what is 17 + -8970?
-8955
In base 13, what is 686 + -14?
672
In base 8, what is 664 - -134?
1020
In base 14, what is 3 + -62b?
-628
In base 14, what is 2 + -1665?
-1663
In base 12, what is 1 - 8245a?
-82459
In base 10, what is 38 - -7053?
7091
In base 14, what is 4c0 - 11c?
3a2
In base 12, what is 2b2826 - -1?
2b2827
In base 13, what is 100ac4 - 1?
100ac3
In base 10, what is -4 + -23698?
-23702
In base 9, what is -72 - -328?
246
In base 7, what is 1333 + -130?
1203
In base 14, what is 2c + -830?
-802
In base 14, what is 14dcd4 - 4?
14dcd0
In base 15, what is 0 - 6476d?
-6476d
In base 9, what is 2 - -53252?
53254
In base 8, what is 320163 + 5?
320170
In base 14, what is -6 + 10193?
1018b
In base 5, what is -143 + -4333?
-10031
In base 15, what is 5 + 327e7?
327ec
In base 13, what is 28950 + -78?
288a5
In base 4, what is 230030113 - -2?
230030121
In base 11, what is -a363 + -4?
-a367
In base 5, what is 1310 - -1344?
3204
In base 6, what is -2 + 434320?
434314
In base 5, what is -1321 + 3120?
1244
In base 4, what is 1301 - -20020?
21321
In base 11, what is 41939 - -7?
41945
In base 16, what is 1 - 3039c?
-3039b
In base 12, what is 12528 - -5?
12531
In base 15, what is e - -ca1?
cb0
In base 4, what is 112210121023 - 3?
112210121020
In base 15, what is -9 - -2244?
223a
In base 11, what is -8591 - -1?
-8590
In base 7, what is 11253 + -5?
11245
In base 12, what is 181 - 5?
178
In base 12, what is -a + -120822?
-120830
In base 9, what is 6358 - -15?
6374
In base 7, what is 0 - -10050324?
10050324
In base 10, what is -35 - 7040?
-7075
In base 16, what is 15 - 289c?
-2887
In base 7, what is 546 - -12206?
13055
In base 13, what is 1 + -89a23?
-89a22
In base 3, what is 2 - -12210211?
12210220
In base 7, what is 3 - 22263560?
-22263554
In base 7, what is -526 + 6016?
5160
In base 15, what is 0 + -3c56?
-3c56
In base 2, what is -1 + -10111001111010110?
-10111001111010111
In base 8, what is -4 + -170737?
-170743
In base 15, what is 9 - -5c6?
5d0
In base 3, what is 12111100220 - 20?
12111100200
In base 3, what is 1220110021102 + 0?
1220110021102
In base 12, what is 39a - -1a?
3b8
In base 13, what is 2 - 4a84?
-4a82
In base 5, what is 0 - 10300112?
-10300112
In base 2, what is -1000100010111101 + 11?
-1000100010111010
In base 8, what is 231 + -460?
-227
In base 16, what is 126 + 1?
127
In base 6, what is 123 + 3424?
3551
In base 5, what is 1303 - -3132?
4440
In base 5, what is 104230134 + 10?
104230144
In base 4, what is 1022333 - 2300?
1020033
In base 3, what is 100100202 - 120?
100100012
In base 2, what is 10101101111001 + 100010?
10101110011011
In base 16, what is -5dd1 - 18?
-5de9
In base 4, what is 12110013 - 10?
12110003
In base 15, what is -b59 - -7e?
-aca
In base 3, what is 1120120 + 1011100?
2201220
In base 5, what is 43143 + -340?
42303
In base 3, what is -201022 - 1010101?
-1211200
In base 13, what is -2 - -b885?
b883
In base 4, what is -12233331210 + -10?
-12233331220
In base 13, what is -577 + 94?
-4b3
In base 2, what is -10011110111 - 111101?
-10100110100
In base 16, what is b600d + 0?
b600d
In base 12, what is 3 - -a828?
a82b
In base 4, what is -103233113 - -10?
-103233103
In base 15, what is 95 + 5e2?
687
In base 11, what is -34267 + 5?
-34262
In base 7, what is 33534 + -1?
33533
In base 12, what is 7 - 27248?
-27241
In base 4, what is 21203 + 13200?
101003
In base 13, what is -46 - c75?
-cbb
In base 13, what is -2 + -10a0b?
-10a10
In base 16, what is -7ce89 - -1?
-7ce88
In base 11, what is aa0447 - -5?
aa0451
In base 2, what is -100111011001001010100 - 11?
-100111011001001010111
In base 9, what is -6 - -17263?
17256
In base 10, what is -84358 - 20?
-84378
In base 6, what is 52442 - -351?
53233
In base 7, what is -153503 - 5?
-153511
In base 14, what is -9 + d6d0?
d6c5
In base 10, what is -1 - -1535?
1534
In base 16, what is ee - -375?
463
In base 6, what is 55540340 - 3?
55540333
In base 13, what is -6484 + 38?
-6449
In base 3, what is -11012 - 101121?
-112210
In base 11, what is 1 - 3a3a?
-3a39
In base 12, what is 8a709 + -2?
8a707
In base 8, what is -1455 - 13?
-1470
In base 2, what is 1 - -101100001100101?
101100001100110
In base 6, what is -545325 + -1?
-545330
In base 10, what is -2 - 29685?
-29687
In base 16, what is -1df0 - -47?
-1da9
In base 15, what is 28e + e7?
386
In base 15, what is -7 - 2be3?
-2bea
In base 2, what is -111110100010011100 + -11?
-111110100010011111
In base 12, what is -4 + -747ab?
-747b3
In base 2, what is 11001111111100000100 - -11?
11001111111100000111
In base 15, what is -a1 + -102?
-1a3
In base 10, what is 2465 + 18?
2483
In base 15, what is 19 - -1c3?
1dc
In base 16, what is -edfd9 - 1?
-edfda
In base 10, what is 1 - 2532?
-2531
In base 2, what is 10101100 + 101001111111?
101100101011
In base 4, what is -11203311133 - -3?
-11203311130
In base 9, what is 12000 - 50?
11840
In base 13, what is 2 + 17b9?
17bb
In base 2, what is -11011000111 - 111?
-11011001110
In base 2, what is 110 - -1111011001011100?
1111011001100010
In base 9, what is -236 + 738?
502
In base 8, what is -2 + 32026?
32024
In base 15, what is -5 + 18dc0?
18dba
In base 4, what is 103 + 221200?
221303
In base 4, what is 120 + -3203013?
-3202233
In base 14, what is 7947 - 24?
7923
In base 15, what is -17d94 + -6?
-17d9a
In base 3, what is 101 + 1122222012?
1122222120
In base 16, what is -22ed + 2?
-22eb
In base 10, what is -168 + 90?
-78
In base 5, what is -2 + 33323?
33321
In base 6, what is 2 - 4524310?
-4524304
In base 10, what is -356 - -4?
-352
In base 14, what is -577 - 380?
-917
In base 2, what is -100 - 111100000011001?
-111100000011101
In base 3, what is -2221210 + 110002?
-2111201
In base 15, what is -1cc4a + 4?
-1cc46
In base 9, what is 2 + -1118502?
-1118500
In base 2, what is 1001 - -10011011100010000?
10011011100011001
In base 11, what is -160a6 - -13?
-16093
In base 6, what is 132203 - -2?
132205
In base 9, what is -31 - -2826?
2785
In base 5, what is 234 - -13030?
13314
In base 13, what is -bc815 + 4?
-bc811
In base 12, what is -1a710 - -2?
-1a70a
In base 15, what is 17 + 230b?
2323
In base 15, what is -3a18 - 8?
-3a21
In base 10, what is 56888 + -7?
56881
In base 11, what is -2 + 3953?
3951
In b